igit of (-16)/20*420920/(-34)?
4
Let n = -139 - -124. What is the units digit of (-3*2/(-3))/(n/(-975))?
0
Let l = 214895 - 151602. What is the hundreds digit of l?
2
Suppose 6*x - 11*x = -10410. Suppose -c = 4*i - 420, -5*c - 2*i = -0*i - x. What is the hundreds digit of c?
4
Let m(h) = 2*h**2 - 11*h + 6. Let j be m(5). Let x(a) = a**2 + a - 1. Let u be x(j). Suppose -u = 3*p - 10. What is the units digit of p?
3
Let b = -236 + 450. Suppose 4*j = o + 2420, -5*o - 819 = -j - b. What is the tens digit of j?
0
Let v be (631 - 3)*310/10. Suppose -14*p - 17*p + v = 0. What is the units digit of p?
8
Suppose 0 = 42*m - 45*m + 4*a + 31884, m = -5*a + 10628. What is the tens digit of m?
2
What is the tens digit of -21 - 1375/(-65) - 264026/(-26)?
5
Let m be -6 - 24/(1 + -4). Suppose -1421 = -3*k - j, m*k + 3*j - 7*j - 952 = 0. What is the units digit of k?
4
Suppose -3*j = 5*v - 72132, -4*j = -4*v + 28369 + 29375. What is the units digit of v?
0
Let v(z) = -77*z + 21. Let n be v(1). What is the units digit of 21/n + 1589/56?
8
Let n be (-19*1)/(33/2013). Let p = n + 1659. What is the units digit of p?
0
What is the tens digit of (205 - 0)*16576/296?
8
Let o(q) = q**3 + 33*q**2 + 33*q + 26. Let c be o(-32). Let m(j) = 7*j**2 - 20*j + 14. What is the hundreds digit of m(c)?
3
Suppose g = -10*g. Suppose 2*p - 5*r - 380 = g, 3*p = 4*p + 3*r - 168. What is the hundreds digit of p?
1
Let y be 3 - (0 - 0 - 25/5). What is the units digit of 34 + 959 - (y - 1)?
6
Suppose -2*o = 2, -3*u + 40551 = o - 14678. What is the units digit of u?
0
Suppose 0 = -0*c + 4*c - 0*c, -3*l = -5*c - 32475. What is the hundreds digit of l?
8
Let c be 1 + (0 - (0 + (-4 - -1))). Suppose -3*o + o = c. What is the tens digit of o*(-31 - -1)*(-2)/(-5)?
2
Let w = -16483 - -31199. What is the tens digit of w?
1
Suppose -5*n + 5*h + 15107 + 22323 = 0, 0 = n + 2*h - 7489. What is the units digit of n?
7
Suppose 0*v + v = -2*k + 4445, 5*v = 3*k - 6674. Suppose -2*n - k = -5*n. What is the hundreds digit of n?
7
Suppose 0*g - 21 = -g + r, 2*r + 88 = 4*g. Let t(h) = h**3 - 24*h**2 + 25*h + 43. What is the units digit of t(g)?
9
Let c = 4 + -7. Let l be ((-40)/(-12))/((-12)/(-18)) + -1. What is the units digit of (97/l)/(c/(-6*2))?
7
Let p = -394 - -414. Let g(h) = -2*h + 61. Let f(n) = -4*n + 122. Let z(a) = -4*f(a) + 9*g(a). What is the units digit of z(p)?
1
Let p = -68 + 88. Suppose -p*i = -3842 - 7518. What is the hundreds digit of i?
5
Let q(i) = -i**2 - 19*i + 7. Suppose -2*t - 3*f - 30 = -4*f, -2*f + 43 = -3*t. Let v be q(t). Suppose -6*s = -5*s - v. What is the tens digit of s?
4
Let c = -468 - -473. Suppose s - 1467 - 513 = -c*x, -5*x + 1955 = -4*s. What is the tens digit of x?
9
Suppose -2*y - 8*y + 150 = 0. Suppose -y*q - 631 + 2626 = 0. What is the hundreds digit of q?
1
Let i(u) = -2*u**3 - 7*u + 11755. What is the hundreds digit of i(0)?
7
Let y(l) = -53*l**3 + 14*l**2 - 10*l - 85. What is the thousands digit of y(-6)?
1
Let l(t) = 1306*t + 79. Suppose -13*p + 8 = -5*p. What is the thousands digit of l(p)?
1
Let h(u) be the first derivative of 149*u**2/2 - 253*u + 282. What is the hundreds digit of h(9)?
0
Let a(i) = -4072*i + 4162. What is the tens digit of a(-6)?
9
Let c(f) be the second derivative of f**5/20 - f**4/6 + 269*f**2 + 54*f. What is the hundreds digit of c(0)?
5
Let i = 136 - 80. Let l = 281 - i. What is the tens digit of l/6 - (-1)/(-2)?
3
Let c be (-1)/(-7) - (-232)/(-56). Let j be (5/1)/(c/(-44)). Suppose l - j = 40. What is the units digit of l?
5
What is the units digit of 51/(-18 + 35) + 4712?
5
Suppose -3*t + 244 = -224. Let p = t - 52. Suppose -x + 31 + 5 = -2*u, -3*x = -4*u - p. What is the units digit of x?
2
Let m = -110 - -2476. What is the hundreds digit of m?
3
Suppose 0 = -2*w + 10 + 4. Suppose -21 = -w*b + 35. Suppose -4*f - b = 0, 4*s + 4*f + 90 - 514 = 0. What is the tens digit of s?
0
Let q = 778 - 777. What is the hundreds digit of 145559/188 - q/4?
7
Let x be ((-5)/(-10)*0/4)/2. What is the tens digit of -2 + (228 - x) + 1 + -4?
2
What is the thousands digit of (13/((-273)/574))/((-7)/5880)?
2
Let z(h) = 9*h**3 - 4*h**2 - 21*h + 16. Let f be z(8). Suppose -12*m = -7*m - f. Suppose 3*a + 7*a = m. What is the units digit of a?
4
Let x be (0*(-6)/(-30))/(2/2). Suppose -2*g + 4*t - 2*t - 2 = x, 5 = -2*g + 3*t. Suppose k = g*k - 14. What is the units digit of k?
4
Suppose -2240011 = -90*b - 73*b + 2669875. What is the tens digit of b?
2
Let f = 2 - -73. Suppose -4*x + f = 59. Suppose -3*b - b - 3*k = -654, -x*k = 2*b - 332. What is the units digit of b?
2
What is the units digit of ((-440)/(-99))/10 + (-25664)/(-9)?
2
What is the tens digit of ((-26515)/10)/((-31)/62)?
0
Suppose -3*l = -a - 8*l - 7, 0 = -3*a + 5*l + 39. Suppose -5*c + 35 - a = f, 4*f + 7 = 3*c. Suppose 9*g - 636 = c*g. What is the units digit of g?
9
Let x(j) = j**2 + 2*j - 22. Let z be x(4). Suppose -z*t + 1414 = -4*a, t = 4*a + 751 - 52. What is the units digit of t?
5
Suppose 0 = l - 2*u + 3, 0 = 2*u - 5*u + 12. Suppose -2*i = -0*i + a + 174, -438 = l*i + 4*a. What is the tens digit of i/(-6)*(-11 + 20)?
2
Suppose -1275*n + 1394*n - 2689162 = 0. What is the units digit of n?
8
Let t(m) = m**2 + m - 14. Let n be t(5). Let j be 33/12 - (-4)/n. Suppose 2*g + 2*g - 48 = -4*v, j*g + v = 34. What is the units digit of g?
1
Suppose -7*s + 2*s = 0. Let i be 1/(12/(-2) - -7). Suppose -n + 5*u - i = s, 3 = n - 2*u + u. What is the units digit of n?
4
Let v(o) = o**3 - 10*o**2 - 8*o - 14. Let l be v(11). Let j = -94 + l. What is the hundreds digit of (j*2)/((-9)/6)?
1
Let z(k) = -k**3 - 28*k**2 - 46*k + 65. Let n be 54/(0 + (-1 - 1)). What is the hundreds digit of z(n)?
5
Let l be (273 - (-5 + -2)) + 3 + 1. Let b = l - 146. What is the units digit of 5 + 2 + -6 + b?
9
Let o(v) = 19*v - 10. Let w(x) = 18*x - 11. Let a(l) = 3*o(l) - 2*w(l). Let z be a(9). Let s = -111 + z. What is the units digit of s?
0
Suppose a - 27 = -23. Suppose a*i - 4*u + 134 = -290, 4*i - 3*u = -423. What is the units digit of i/(-45)*(0 - -3)?
7
Let m(j) = -15*j**2 + 8*j - 7. Let q be m(-7). Let t = 470 + q. What is the units digit of 7/((-84)/t)*(-3)/(-2)?
1
Let b(h) be the first derivative of h**4/4 + 8*h**3/3 + h**2/2 + 4*h - 22. Let q be b(-6). Let x = q + 70. What is the tens digit of x?
4
Suppose 5*x = 5*r - 1750, -4*x + 5 = 13. Suppose -56 = 4*p + 3*d + 779, -3*p + 2*d = 605. Let a = r + p. What is the units digit of a?
3
Let j(u) = 575*u**2 - 2461*u - 12. What is the thousands digit of j(12)?
3
Let k(m) = m**3 - 8*m**2 + m + 1. Let p be k(7). Let a = -34 - p. Suppose a*g - 71 = 671. What is the units digit of g?
6
Suppose 0*y = -3*f - 3*y + 15, 3*f - 10 = -4*y. Let q be ((-6)/f)/(-1) - 488/(-20). Let k = q - 6. What is the units digit of k?
9
Let k(j) be the first derivative of 3*j**4/4 - 7*j**3/3 + 5*j**2/2 + 4*j - 1. Suppose -4*o = -25*g + 20*g, 4*g - 3*o = 1. What is the hundreds digit of k(g)?
1
Suppose -v - 292 = b, -5*b + 884 = -3*v - 0*b. Let z = -153 - v. Suppose z = 4*f - 200. What is the tens digit of f?
8
Let r = 109 + -100. Suppose 7*u = r*u - 202. Suppose -j + f = -4*f - u, -2*j - 5*f = -262. What is the hundreds digit of j?
1
Let n = 7223 - 523. Suppose 4*m + 773 = a - 899, 4*a - 4*m = n. What is the tens digit of a?
7
Suppose -91*s + 243245 = -25569. What is the tens digit of s?
5
Let f = 57 - 52. Suppose 0 = o - 4*j - 7, -f = o - j - 3. What is the hundreds digit of (-1)/(o/5)*118?
1
Let q(z) = 12*z**2 + 7*z + 24. Let w be q(-9). Suppose 5*m - 5*j = w + 247, -5*j = 5*m - 1130. What is the hundreds digit of m?
2
Let z = -264 + 268. Suppose -3*g = 3*b - 1056, 0 = z*g - 8*g + 4*b + 1392. What is the units digit of g?
0
Let k(l) = -11*l + 72. Suppose -13*u = -5 + 343. What is the hundreds digit of k(u)?
3
Suppose -3*f - 11*q + 29 = -9*q, -5*f + 3*q + 23 = 0. Let n(t) = 2*t**2 - 3*t + 76. What is the units digit of n(f)?
3
Suppose 287*o = -372*o + 33856175 - 9498217. What is the tens digit of o?
6
Let f(s) = 4*s**3 - 4*s**2 + 3*s - 1. Let t(k) = -2*k + 52. Let h = 65 + -40. Let i be t(h). What is the tens digit of f(i)?
2
Suppose -229295 = -76*d + 21*d. What is the tens digit of d?
6
Let f(s) = -2247*s**2 - 3*s**3 + 7 + 2*s - 3*s**3 + 19*s + 2252*s**2. What is the hundreds digit of f(-4)?
3
